the remainder when 57 is divided by j?
17
Let s be -1*(-2 + (-1)/1). Let m(z) = 3 + 6*z + 5*z**2 + 6*z**2 + 0 - 2*z**2 + z**s. What is the remainder when 75 is divided by m(-8)?
18
Let l(c) = 3*c**3 - 9*c**2 + 46*c - 193. What is the remainder when 1223 is divided by l(6)?
2
Let i be -1*(-5)/25 - (-38)/10. Calculate the remainder when 4 is divided by (-3)/(((-6)/12)/(2/i)).
1
Let u be (2 + 54 - 3) + -3. Suppose 4*q = -q - u. Let k(z) = -2*z - 7. What is the remainder when 25 is divided by k(q)?
12
Let t = -7 - -10. Suppose 0 = 3*f - 8*f + 5, t*s = 3*f + 276. Suppose 0 = 3*r - 3*a - s - 24, r + 3*a = 23. Calculate the remainder when r is divided by 9.
8
Let z = 32 - -7. Suppose 10*n - z = 7*n. What is the remainder when n is divided by 2?
1
Let c(y) = -5*y - 21. Let n be c(-7). Let x = 24 - n. Let h = -32 + 60. What is the remainder when h is divided by x?
8
Calculate the remainder when 8850/12 - (-15)/(-6) is divided by 123.
120
Suppose 0 = 4*m - t - 57, 0 = -33*m + 29*m + 4*t + 72. What is the remainder when 72 is divided by m?
7
Let i(j) = 14*j - 3. Let p(d) = -d**2 - 16*d - 11. What is the remainder when p(-9) is divided by i(1)?
8
Let p = 468 + -431. Calculate the remainder when 443 is divided by p.
36
Let w be 11935/(-75) - (-2)/15. Let z = w - -172. Calculate the remainder when 46 is divided by z.
7
Let u(b) = -b**3 - 3*b**2 + b + 9. Calculate the remainder when 46 is divided by u(-4).
4
Calculate the remainder when 165 is divided by 15 + 2 + (-5)/1.
9
Suppose 1566*t - 116 = 1564*t. Calculate the remainder when t is divided by 32.
26
Suppose -3*t - p + 78 = 0, -4*t - 3*p + 4*p + 104 = 0. Let c = t - -132. What is the remainder when c is divided by 40?
38
Let d(g) = 90*g**2 - g. Let p = 2396 + -2381. Calculate the remainder when d(1) is divided by p.
14
Let o = -47 + 233. What is the remainder when 560 is divided by o?
2
Let q = 410 - 335. Calculate the remainder when q is divided by 49.
26
Let a be 3/9 + (-527)/(-3). Suppose -4*f - a = -6*f. Suppose -2*s - h = 3*s - f, 71 = 4*s + h. Calculate the remainder when s is divided by 6.
5
Let l(j) = 47*j**3 + 2*j**2 - 4*j + 2. Calculate the remainder when 324 is divided by l(1).
42
Let p = -75 - -88. What is the remainder when p is divided by 12?
1
Let d = 701 - 668. What is the remainder when 94 is divided by d?
28
Suppose -k - 196 = -3*c - 6*k, 4*c - 2*k - 244 = 0. Suppose 0 = 4*j - 6 - 46. What is the remainder when c is divided by j?
10
What is the remainder when (-17545)/(-66) + 5/30 is divided by 27?
23
Let r(m) = -m**3 + 23*m**2 - 39*m - 24. Let u = 151 + -39. What is the remainder when u is divided by r(21)?
34
Suppose 3*p - 4*d - d + 265 = 0, -p = 5*d + 55. Let l = p + 82. Calculate the remainder when 3 is divided by l.
1
Suppose 976 = 9*v + 22. What is the remainder when v is divided by 20?
6
Let a = -216 + 247. Calculate the remainder when 120 is divided by a.
27
Let i = -767 - -830. What is the remainder when 245 is divided by i?
56
Let m = 43 - 5. Let z = -22 + m. Calculate the remainder when 31 is divided by z.
15
Let g(z) = -5*z - 7. Suppose 2*y - 49 + 7 = 0. Suppose -2*n + y = n. What is the remainder when g(-5) is divided by n?
4
Calculate the remainder when 93 is divided by 1/(-3) + ((-294)/(-18) - 2).
9
Calculate the remainder when 112 is divided by 66/22 + 27 + 1 + -2.
25
Suppose 0 = 3*k + a - 10, -4*k + 20 = -0*k - 2*a. Let q(t) = 2*t**3 - 4*t**2 + t + 1. What is the remainder when q(k) is divided by 18?
15
Suppose -3*l - q - 3*q + 186 = 0, 43 = l - 5*q. Suppose -c + l = 18. Let i(p) = 3*p - 13. Calculate the remainder when c is divided by i(8).
7
Let m(x) = -x**2 + 4*x + 24 + 2*x**2 - 30 + 15. Suppose -4*l + 478 = 150. What is the remainder when l is divided by m(-5)?
12
What is the remainder when ((-5)/5*1 + -20)*-6 is divided by 28?
14
Let o(h) = -2*h - 16. Let c(q) = -4*q - 31. Let m(v) = -6*c(v) + 11*o(v). Let g(f) = -8*f - 1. Calculate the remainder when g(-6) is divided by m(3).
15
Suppose -60 = -3*n - 3*p + 39, 4*n - 2*p = 162. Calculate the remainder when 568 is divided by n.
36
Let c(v) = 9*v**2 - 5*v + 5. Calculate the remainder when (-135)/(-20)*(2 + (-34)/(-3)) is divided by c(2).
28
Let r = 349 - 331. Suppose 2*h - 3*h - 4*v + 12 = 0, -2*v + 6 = 3*h. Calculate the remainder when (-630)/(-9) + h + 0 is divided by r.
16
Suppose 2*p + 10 = 4*p. Suppose 3*k - 227 = -2*k - s, -p*s + 55 = k. Calculate the remainder when k is divided by 10.
5
Let v = 105 + -95. Suppose -69 = -3*q - 18. Calculate the remainder when q is divided by v.
7
Let i = -2 + 6. Suppose -2*v + 84 = -2*m, m - 2*m = i*v - 153. What is the remainder when v is divided by ((-72)/42)/(2/(-14)) - -2?
11
Let t(n) = n**2 - 3*n - 23. Calculate the remainder when t(13) is divided by (60/(-10))/((-6)/28).
23
Let z(c) = 2*c**3 + 19*c**2 - 5*c - 3. Calculate the remainder when z(3) is divided by 70.
67
Let r(j) = -3*j**2 - 13*j + 31. Let b(d) = 5*d**2 + 20*d - 47. Let a(l) = 5*b(l) + 8*r(l). What is the remainder when 133 is divided by a(8)?
43
Let u(i) = -i**3 - 23*i**2 - 29*i - 51. What is the remainder when u(-22) is divided by 27?
22
Let y = 54 + 105. Calculate the remainder when y is divided by ((-8)/16)/(0 + (-1)/54).
24
Let s(k) = -k**3 - 2*k**2 - 2*k - 4. Let n be (222/(-9))/(6/(-9)). Suppose 4*y - n = 127. Calculate the remainder when y is divided by s(-3).
8
Let m(a) = -16*a + 10. Let l be m(3). Let c = -12 - l. What is the remainder when c is divided by 14?
12
Suppose -50*i + 49*i + 46 = 0. Calculate the remainder when i is divided by 25.
21
Let a be (720/75)/((-6)/20). Let d = 39 + a. What is the remainder when 20 is divided by d?
6
Let k = -98 + 164. Calculate the remainder when k is divided by 5.
1
Let f be ((-5)/(-6))/((-4)/(-24)). Suppose 0 = y + 2*y + f*x - 144, -2*x = 5*y - 259. What is the remainder when y is divided by 19?
15
Suppose 6*s - s + 2*f - 1734 = 0, -2*s = 3*f - 698. Calculate the remainder when s is divided by 35.
31
Suppose -8*m - 10*v + 8*v + 410 = 0, -3*v - 286 = -5*m. Let n(i) = 6*i**2 - i + 5. Calculate the remainder when n(-4) is divided by m.
52
Suppose 7*l = -574 - 728. Calculate the remainder when (l/12)/(3/(-12)) is divided by 16.
14
Let v = -20 + 32. What is the remainder when (2 - 3 - 19)/(-1) is divided by 136/v + (-1)/3?
9
Let x(g) = -g**3 - 4*g**2 - 2*g + 7. Let v be x(-3). Suppose -m = -5*q - 2*m + 160, -128 = -v*q + 3*m. What is the remainder when q is divided by 9?
5
Calculate the remainder when 352 is divided by 7/49 + 102/63*3.
2
Let f = -94 + 131. Calculate the remainder when (0 + (-336)/(-35))/(4/30) is divided by f.
35
Let j(c) = 6*c - 20. Calculate the remainder when 268 is divided by j(9).
30
Let k = 336 - 299. Calculate the remainder when 145 is divided by k.
34
Suppose 3*w + 0*g = -g + 81, -5*w + 139 = 3*g. Suppose 0*x - 2*x + 18 = 0. Calculate the remainder when w is divided by x.
8
Let l(j) = -j**3 - 2*j**2 + 5*j + 3. Let n be l(-4). Let p be n/(0 - 6/4). Let h = p + 18. What is the remainder when 21 is divided by h?
5
Let g(m) = -m**2 - 15*m + 19. Let p be g(-16). Suppose -85 - 134 = -p*x. What is the remainder when x is divided by 38?
35
Let u = -243 - -247. Calculate the remainder when 26 is divided by u.
2
Let b = -1 - -17. Suppose 0 = 3*f - 7*f + 8. Calculate the remainder when (31/f)/(2 - 28/16) is divided by b.
14
Suppose 25*t + 99*t - 18228 = 0. What is the remainder when t is divided by 48?
3
What is the remainder when 242 is divided by (91 - 95) + -39*(-2)/3?
0
Suppose 0 = 9*k - 13*k - 40. Calculate the remainder when 53 is divided by (30/12)/(-1)*36/k.
8
Suppose -5754 = -3*v + 3*w, 194*v + w = 189*v + 9584. Calculate the remainder when v is divided by 30.
27
Suppose 5*x - 494 = -2*t, -4*x + 4*t - 88 = -5*x. Let h = x - 87. What is the remainder when h is divided by 5?
3
Suppose -r - 4*m - 14 = 0, r = -2*r - 4*m - 18. Let z = r - -4. Let g = 35 + -32. What is the remainder when g is divided by z?
1
Suppose -4*y + 0*y = 76. Let m = -8 - y. Suppose 4*o - 5*k = -1 + 3, 0 = -5*o - k + 17. Calculate the remainder when m is divided by o.
2
Suppose 235 = 3*h - 65. What is the remainder when h is divided by 17?
15
Calculate the remainder when 33/2 - (-1)/(-2) is divided by (-8 - (9 - 2))*(-6)/15.
4
Suppose -49 = -5*l + 23*k - 25*k, 2*k = l - 5